)/408.
13
Suppose 0 = 7*k - 929 - 1073. Calculate the remainder when k is divided by 10.
6
Let v be -1 - 91 - (-1 + -2). Let p = v - -172. Suppose -16 - p = -3*g. Calculate the remainder when g is divided by 17.
16
Suppose -31*h + 580 = 115. Calculate the remainder when 118 is divided by h.
13
Suppose 45*z + 315 = 52*z. Calculate the remainder when z is divided by 17 - (1 + 1 - 1).
13
Suppose 0 = n + 2*f - 4*f - 24, 3*f + 96 = 4*n. Calculate the remainder when 527 is divided by n.
23
Suppose -52 + 17 = -5*b. What is the remainder when 76 is divided by b?
6
Let y = 4 + -2. Suppose 2*v + 0 = y. Let o = v + 3. What is the remainder when 14 is divided by o?
2
Suppose 27*f = 46*f - 1976. What is the remainder when f is divided by 15?
14
Let c(y) = -y + 28. Let d(p) = -3*p + 56. Let z(o) = 5*c(o) - 2*d(o). What is the remainder when 112 is divided by z(10)?
36
Let w = -15 - -3. Let i(h) = -h + 16. Calculate the remainder when i(w) is divided by 15.
13
Let z = -5 - -11. Let l(w) = -32*w + 207. What is the remainder when l(6) is divided by z?
3
Suppose -15*v + 18*v = -78. Let i = 43 + v. Calculate the remainder when 50 is divided by i.
16
Suppose -25 + 19 = -2*w. Suppose 3*t - 160 = -0*t + 4*v, 0 = -w*t - 5*v + 205. Calculate the remainder when t is divided by 21.
18
Suppose -286*f + 94 = 2*n - 287*f, 4*n - 204 = -2*f. What is the remainder when n is divided by 41?
8
Let l(p) = -p**2 - 30*p - 22. Let b = -21 - -46. What is the remainder when b is divided by l(-29)?
4
Let k be (-2)/(-10) - 22/10. Let o = -5 - k. Calculate the remainder when 36 + (1 - (o + 6)) is divided by 9.
7
Let n = -60 - -152. Suppose -3*r + n = 5*f, f + 2*f = -2*r + 56. Suppose -3*u = 16 - 103. Calculate the remainder when u is divided by f.
13
Let k = 42 + -39. Suppose 2*o - 3*c - 18 = 0, -2*o - 9 = -k*o + 2*c. Calculate the remainder when 30 is divided by o.
3
Let i = 384 - 301. Calculate the remainder when i is divided by 5.
3
Suppose 4*n + n - 7 = o, -74 = -3*o - 4*n. Suppose -4*t + 0*t = -348. Calculate the remainder when t is divided by o.
15
Suppose -q - 2*a = 2, 0 = 2*q - 6*q - 3*a + 17. Suppose 0 = 2*o + 4*m - 24, -2*m - 29 = -3*o - 1. Calculate the remainder when o is divided by q.
2
Suppose -5*f + 3*f + 8 = 0. Suppose 0 = -f*m + 215 + 89. What is the remainder when m is divided by 26?
24
Suppose 4 = x - 2. Suppose 9 = -x*l + 7*l. Calculate the remainder when l is divided by 2.
1
Let n = 218 - 135. Suppose 0 = -13*c + 12*c + 4. Suppose -c*z + 5*z - 17 = 0. Calculate the remainder when n is divided by z.
15
Suppose -4*q + 94 = u + q, 0 = -4*u + 5*q + 351. Let a = -41 + u. Calculate the remainder when a is divided by 13.
9
Let d(f) = -4*f + 31. Let i be d(7). Suppose i*m - 37 - 2 = 0. Calculate the remainder when 21 + (-1)/(-1*1) is divided by m.
9
What is the remainder when 9/(-45) - (548604/35)/(-7) is divided by 59?
56
Let r(i) = -11*i + 1 + 9 - 11. Let x be (-2)/(-2 + (-12)/(-3)). Calculate the remainder when 47 is divided by r(x).
7
Let p(z) be the first derivative of 2*z**2 + 30*z + 3. What is the remainder when p(0) is divided by 8?
6
Let j(g) = g**3 + 5*g**2 - 2*g - 1. Suppose -2*l + 8*l = -144. Let f = 32 + l. What is the remainder when j(-4) is divided by f?
7
Let q = -21 + -6. Let o = q - -16. Let x = o - -21. Calculate the remainder when 37 is divided by x.
7
Suppose -72*p = -83*p + 187. What is the remainder when 30 is divided by p?
13
Suppose -9*r + 88 - 43 = 0. Suppose 12 = r*g + 3*y - 10, 4*g = 5*y + 25. What is the remainder when 10 is divided by g?
0
Let v = -477 - -493. What is the remainder when v is divided by 9?
7
Let c = -12 - -20. Let q be ((-392)/(-42))/(4/6). Suppose 2*v - q = 10. Calculate the remainder when v is divided by c.
4
Calculate the remainder when 287 is divided by (-14)/35 - 546/(-15).
35
Let a = -101 + 122. Suppose h + k - 18 = 0, -30 = -4*h + 3*k + a. What is the remainder when 71 is divided by h?
11
Suppose 4*m + 20 = 8*m - c, -2*m + 5*c = -10. Suppose 5*b = -m*p + 10, 5*p - 9 = -b + 9. Calculate the remainder when 11 is divided by p.
3
Let m = 2359 + -1131. What is the remainder when (3/(-6))/(1 + m/(-1224)) is divided by 26?
23
Suppose 0 = -2*i + 6, -3*i - 56 = 5*f - 180. Let w(l) = 2*l**2 - 58*l + 424. What is the remainder when w(8) is divided by f?
19
Let x(b) = -9*b - 55. Let g(v) = 8*v + 54. Let p(m) = 6*g(m) + 5*x(m). What is the remainder when 193 is divided by p(0)?
46
Suppose -68*r + 22896 = 1272. Let k(t) = 2*t**2 - 13*t + 8. Calculate the remainder when r is divided by k(8).
30
Suppose 0*r - 2*r - 2424 = -4*d, 4*r = d - 4820. What is the remainder when 9*(2 + 0) + 1 is divided by (3/4)/((-129)/r)?
5
Suppose -158*b + 162*b - 72 = 0. Calculate the remainder when 141 is divided by b.
15
Let l(w) = 194 - 89 + 3*w - 53. What is the remainder when l(23) is divided by 25?
21
Let f(v) = v**3 + 13*v**2 - 20*v - 65. What is the remainder when 169 is divided by f(-14)?
17
Let u = -15 + 27. Let i = u + -9. Let b = 13 + -7. Calculate the remainder when b is divided by i.
0
What is the remainder when 215 is divided by ((-90)/(-3))/(15/50)?
15
Suppose 0 = 261*h - 239*h - 286. Let s = 6 + -3. What is the remainder when h is divided by s?
1
Let m(v) = -3*v - 17. Let r be m(26). Let l = -77 - r. Calculate the remainder when 53 is divided by l.
17
Suppose -3*q + 9 = -4*g - 204, 4*g - 284 = -4*q. What is the remainder when q is divided by 18?
17
Let l(g) = -16*g + 543. Calculate the remainder when 218 is divided by l(31).
30
Suppose 11*p = -2*p + 676. What is the remainder when 184 is divided by p?
28
Suppose 3*x - 115 = 5*c, -c = x + 4*c - 25. Calculate the remainder when 278 is divided by x.
33
Calculate the remainder when 9*-1*112/(-24) is divided by (-1 - -1) + 23 - 1.
20
Suppose -295 - 209 = -8*p. Suppose 4*q - 5*q + 22 = 0. What is the remainder when p is divided by q?
19
Let o(l) = l**3 - 16*l**2 + 16*l - 2. What is the remainder when 25 is divided by o(15)?
12
Let d(v) = -25*v**2 - 1 - 4 + 4*v + 22*v**2 + 9*v**3. Suppose t - 10 - 22 = 0. What is the remainder when d(2) is divided by t?
31
Let t = 236 + -222. Calculate the remainder when 88 is divided by t.
4
Let p = 171 + -46. What is the remainder when 209 is divided by p?
84
Let x = 184 - 172. What is the remainder when 405 is divided by x?
9
Let u = 3107 + -2678. Calculate the remainder when u is divided by 9.
6
Let n = -19 - -23. Let r(f) = f**3 - 6*f**2 - 8*f + 7. Let h be r(7). What is the remainder when (-3)/6*(-22 + h) is divided by n?
3
Let z(s) = 21*s + 328. Calculate the remainder when 1247 is divided by z(-15).
12
Suppose 8*o - 660 = -252. What is the remainder when 1272 is divided by o?
48
Let p(y) = 2*y**2 - 10*y + 1. Let w be p(7). Suppose -2*q + w = -1. Calculate the remainder when q is divided by 6.
3
Let c(u) = 68*u**2 - 4*u - 3. Let h(l) = l**2 + 45*l + 269. What is the remainder when c(-2) is divided by h(-6)?
32
What is the remainder when (4/8 - (-18)/4) + 290 is divided by 75?
70
Suppose 23 = f - 0. Suppose q = -5*m + f, 2*q + 2*m = 3*m + 79. Calculate the remainder when 110 is divided by q.
34
Let s = 49 + -33. Calculate the remainder when 41 is divided by s.
9
Let r(f) = -5*f**2 - 3*f + 4. Let z be r(2). Let j = z - -34. Suppose 6*c = 102 - j. Calculate the remainder when 29 is divided by c.
14
Let q(h) = -2*h**3 - 9*h**2 + 2*h - 6. Let y = 19 + -3. Calculate the remainder when y is divided by q(-5).
7
What is the remainder when 30 is divided by ((-141)/329)/(2/(-42))?
3
Suppose -4*i - 58 = -9*i - 4*f, -f = -2*i + 31. Let n(c) = 51*c**3 + 3*c**2 - 20*c + 19. Calculate the remainder when n(1) is divided by i.
11
Suppose -28 = h - 2*h. Let u = h - 3. Suppose 9*v - 7 = 10*v - 4*m, 3*v = m + 23. What is the remainder when u is divided by v?
7
Let d(s) = -s**3 - 15*s**2 - 14*s - 16. What is the remainder when d(-15) is divided by 28?
26
Let u = -39 - -35. What is the remainder when 33 is divided by -38*3/(-18) + u/12?
3
Let y = 573 + -563. Calculate the remainder when 110 is divided by y.
0
What is the remainder when ((-1632)/(-8) - 8)/2 is divided by 77?
21
Suppose 16 = 2*g + v, 0 = -5*g - 4*v + 3 + 43. Suppose s = g*s - 5*j - 300, -3*s + 160 = j. What is the remainder when s is divided by 8?
7
Suppose 5*x - 5 = 0, z - 4*x - 597 + 16 = 0. Suppose -2*y - y +